 + -30 + -16 + (11 - 1)?
-66
Evaluate -14 + 2 + 5 + 30 + (180 - 203).
0
-11 - (-24 - (-23 - 21) - -40)
-71
-9 + 0 - (20 - (-8 + -1 + -7 - -6))
-39
What is the value of -18 - (12 - ((15 - 33) + 56))?
8
What is (-6 - (5 - (1 - -12))) + 9 + -81?
-70
1 + 1 + 3 + 4 + (-50 - -1) + -9
-49
What is the value of (5 - (13 - (2 - 3 - -4)) - -10) + -1?
4
33 + (-21 - 1) + (2 - 51) - 1
-39
What is the value of 16 + 45 + (-2 - 1 - 28)?
30
What is the value of 69 - 42 - 33 - (-87 + 10)?
71
-144 - -194 - (0 + 14)
36
Calculate -19 + -59 - (-13 - 131).
66
Calculate -11 - (-11 + 2) - (60 + -14) - (-5 + 11).
-54
Evaluate 46 + (0 + (7 - (6 + -6)) - 9).
44
Evaluate 55 - (46 + 83 + -81).
7
What is -4 + 31 + -10 + (-18 - -3) - 8?
-6
Calculate 44 + -177 + 90 + 78.
35
What is the value of 193 - (-218 + 413) - (2 + -1 + 10)?
-13
What is (3 - 4) + -23 + 24?
0
What is the value of -145 - (-58 - (-87 - -115))?
-59
What is (51 - 24) + -8 + -86?
-67
What is (-5 - (-5 + -2)) + (-62 - 0) + (-862 - -863)?
-59
Calculate 255 - (133 - (-134 + 122)).
110
Evaluate (59 - 88) + 4 - -1.
-24
Evaluate (-19 - ((15 - 57) + 23)) + -5 + -72.
-77
Evaluate 43 + 22 + -51 + (-13 - 98).
-97
Evaluate -11 + 4 + -7 + (6 + -4 - 31).
-43
What is the value of 15 - (66 - (54 + 38))?
41
Calculate -2 + 1 + 0 + 288 + 25 + -311.
1
Evaluate (107 + 10 + -7 - -14) + -12 - -8.
120
Evaluate -1 - 2 - (-39 + 11 + 9 + 9).
7
(-7 + 28 - 11 - 6) + 44
48
What is the value of (-3402 - -3310) + 28 + (-2 - -5)?
-61
Evaluate 0 + -16 + 2 + (76 - 31) + 0 + 22.
53
Evaluate 0 + (-9 - -1) + 1 + 24 + (-10 - -19).
26
What is the value of -36 - ((86 - 26) + 5 - 19)?
-82
(6 - (-2 + -14 + 7 + 7)) + (-4 - 1)
3
Evaluate (-46 - -91 - 102) + 13.
-44
What is the value of -19 + 38 + 9 - -8?
36
What is the value of -7 + (0 + (-18 - -9) + 27 - -10)?
21
Evaluate 6 + -1 + -6 + 27 + -37 - -23.
12
What is (-115 - -95) + 17 - 35?
-38
What is (-72 + 52 - (6 + -2) - 3) + 6?
-21
Evaluate 16 + -125 + 17 + 9 + -25 + (0 - -15).
-93
Evaluate -143 + 86 - (12 + -20).
-49
What is the value of -2 - -13 - (88 + -68)?
-9
What is the value of -155 - (-153 + -17 + 146)?
-131
What is the value of -97 + 2 - (3 + (-4 - 3) + -11 - -4)?
-84
Evaluate 102 + 4 + (17 - (-10 - -60)).
73
Calculate (13 - (91 + -4)) + 7.
-67
1 - 154 - (-6 + (-50 - -51) - 16)
-132
Calculate (1 + -9 - -3 - 5 - (67 + -75)) + 61.
59
What is the value of 76 + (-65 + -12 - -73)?
72
-12 + (1 - 0 - ((11 - 26) + 0)) + -3
1
Evaluate -12 + -40 + 49 + 51.
48
Evaluate -459 - -414 - (-9 + -98).
62
What is the value of (-10 + (-10 - -16) - ((-4 - 0) + -6)) + -1?
5
Evaluate -2 - (-6 + -59 - (77 - 83)).
57
Evaluate 9 - ((25 + -5 - 6) + 4) - 29.
-38
What is 11004 + -11015 - (41 + 2 + -3)?
-51
What is the value of 46 - 36 - (5 - (1 + 1) - -2)?
5
-2672 + 2562 - (-89 - 3)
-18
What is the value of -3 + -5 + -3 + 72 + (7 - 9) + 5?
64
What is 69 - -3 - (-1712 - -1742)?
42
What is the value of 2 + -6 - ((6 - (-6 - (-113 + 6))) + -6)?
97
((-91 - -81) + 35 + -1 - 15) + 10
19
Evaluate -31 + (-24 - (-115 - (-30 + -1))).
29
What is (-34 - 14) + (35 - -10)?
-3
What is (22 - 49 - -31) + -7 + -10 + -102?
-115
What is the value of 16 + (-11 + -5 - (-9 + 0) - -95)?
104
What is -2 + (21 - -2) + (434 - 448) - (-2 - -65)?
-56
7 - ((75 - 30) + -45 - (1 + -1 - 21))
-14
Calculate 45 + 0 + (-1245 - -1209).
9
Calculate (-2 - (-19 + (1 - (-1 + 3)))) + (-147 - -146).
17
-51 - (-22 - ((-2 - (16 - 14)) + -4))
-37
What is 23 - 59 - ((-4 - 3) + (-14 - -23))?
-38
Calculate -207 - (-113 + 117 - 104).
-107
Evaluate -24 - (-21 - (1 + -36)).
-38
Calculate 28 + -3 - (750 + -719).
-6
(-43 - -34 - -22) + (-48 - (1 - -4))
-40
What is the value of -23 - (-32 + (19 - 7)) - 64?
-67
Calculate 3 - (-4 - 10 - -5) - -103 - (1 - -10).
104
Evaluate (2 - (19 + -31 - -15)) + 35.
34
What is 67 + 3 + -1 + -4 + -1 + -6?
58
Evaluate (18 - (14 + -7)) + -35 + 82.
58
Calculate (20 - 1) + (-96 - (-140 + 62)) - -104.
105
-5 - (-17 - (12 - -9) - (-9 + -2))
22
Evaluate 14 - (7 + -35 + 23) - -64 - (-2 + 3).
82
48 + -56 + 19 + -2 + (4 - 7) + -2
4
What is the value of -62 + 242 + -96 - 47?
37
What is -86 + 58 + (-40 - -35)?
-33
Calculate -7 + (3 - 9 - (38 - 32 - 16)).
-3
What is -26 + (-39 - (-60 + 8))?
-13
What is 1 + 13 + (-23 - 110) + -2 + 19?
-102
Evaluate 35 - 28 - (2 + -4).
9
(-6 + (1 - 2) - -8) + 41 + -43
-1
36 - (-3 - -8 - (-8 + (20 - 5 - 2)))
36
What is the value of 160 + (2 - 5) - (32 - (-32 + 52))?
145
115 - 125 - (-1 + (3 - 7)) - (-18 - 45)
58
What is the value of -22 + (-4 - 3 - 0) + 2 - -9?
-18
Calculate 60 + (-125 - -73) + -12 + -1 + (57 - -1).
53
Evaluate (-68 - -92 - 110) + (-26 - 1).
-113
0 + 7 + -4 - (22 + -73 - -8)
46
Evaluate 36 + (-154 - (-13 - -15)) + 31.
-89
Evaluate -88 + 193 + -105 + 30 + 1.
31
-3 + -2 - (14 + -23 + (3 - -31))
-30
What is -54 + -1 + (33 - (39 + -4 + -20))?
-37
-23 + -6 + 4 + 1 + -1050 + 1054
-20
What is -4 + -26 + (-11 - ((-1 - -8) + -35))?
-13
What is 10 + (-79 + 52 - -45)?
28
(42 - 4 - -9) + (0 + 10 - 14)
43
(45 - (-118 + 167)) + (1 - (1 - -2) - -3)
-3
What is the value of (-8 - 7) + (26 - (-4 - 3))?
18
What is -10 + (-2 - (0 + -2)) - (-44 + (1 - 19))?
52
What is 24 + (10 - -28) - 79?
-17
0 + -2 - (-7 + 15 + (-17 - (12 - 15)))
4
Evaluate (3 - -3) + 39 + (-6 - -9 - 12 - -1).
37
-7 + (-5 - 0) + (-11 - -35 - 68)
-56
What is -478 + 414 - (6 - 109)?
39
-154 - (54 + -110) - -238
140
Evaluate (-50 - -18) + 12 + 4 + 12.
-4
What is the value of (-53 - 23) + 41 - -30?
-5
-26 + ((-24 - -28) + -5 + 3 - -9)
-15
Calculate (6 - (-11 - ((-10 - 26) + (2 - -12)))) + -42.
-47
What is 13 + 37 + -7 + -12 + (-1 - (-6 + -6))?
42
Evaluate (-2 - (-7 + 1)) + -59 - -21.
-34
What is the value of 0 + (-405 - -382) + (-4 + 5 - (-4 - -1))?
-19
-83 + 0 + (-1 - -2) - (-51 + -262 + 316)
-85
What is the value of -105 - (-168 + 59) - (3 - (1 + -3))?
-1
What is (1 - 9 - (52 - (-10 - -60))) + 93 + 2?
85
What is -78 + 34 + 9 - -11?
-24
Evaluate -45 - -35 - (19 - 8 - -23).
-44
What is the value of ((-5 - -28) + -109 - (-6 + 1)) + (-5 - -6)?
-80
-148 + -11 - -178 - (0 + 0)
19
What is the value of 18 - (23 + (5 - (-17 + 36)))?
9
Calculate -2 - (-7 - -1) - (86 - 71 - 32).
21
What is 3 - -8 - (-52 - -19)?
44
Calculate 0 + -4 - -45 - (-65 + 45).
61
-10 + (-4 - (0 - -10)) + 9 + 24
9
What is 22 - (1 + (-2 + 4 - -21) - (10 - -1))?
9
Calculate 1453 + -1473 + (29 - 1).
8
What is the value of 11 - (-23 + (8 - (-20 - -12)))?
18
3 + (13 - (18 - 14)) + -7 + 62
67
Evaluate 207 - 115 - ((-1 - 1) + (6 - 30)).
118
41 - (15 - -4 - -16)
6
(-54 + 93 - 30) + -102
-93
Evaluate 88 + -6 + -56 - (-11 + 1).
36
What is the value of -119 + -8 + 65 - -62?
0
Evaluate 2 + (-45 - -31) + -6 - -20.
2
What is the value of -80 - (16 + (-102 - -42))?
-36
Calculate 112 + -74 - 61 - -48.
25
Calculate 1 - -45 - (47 + -9 + -29).
37
Calculate 31 - (20 + -38 + (4 - 34)).
79
-16 - (-1 - -17 - (6 - (9 - -16 - 27)))
-24
141 + (-81 - (76 + -73))
57
Evaluate -11 + (229 - 158 - (-18 - 1)).
79
What is (-45 - -23) + 39 - 55?
-38
5 + 0 + (6 - (5 + 0 - (-4 + 13)))
15
Calculate -9847 - -9812 - (-55 - -1).
19
Evaluate -50 + -24 - (-4 + 0) - (13 - 10).
-73
Calculate -16 + 5 + (196 + -192 - (-1 + 0)).
-6
Evaluate 1 - -2 - (-50 + 24 + (-6 - 0) - -1).
34
14 - 9 - (-44 + (8 - (7 - -12)) - 0)
60
(73 - (98 - 27)) + (-1 - -15)
16
34 - (-2 + -10 - (95 - 103))
38
What is the value of -8 + (-11 + 69 - 10 - -1 - -7) + 6?
54
What is 53 + -48 - (11 + -1 - 135 - 2) - 16?
116
What is the value of -38 - (-16 - -4 - (-20 + 12)) - 4?
-38
Calculate (-1 - (-19 - -8)) + (-261 - -275).
24
What is -233 - -218 - (-6 - -18)?
-27
Evaluate -4 + (-2 - 36) + (-27 - -31) + 7.
-31
Evaluate -111 - (-10 - -2) - (-4 - (15 + -9 + -4)).
-97
Evaluate -82 - (-163 - (75 - 144)).
12
What is 108 + -38 + (-28 - -5)?
47
What is the value of 5 - (1 - -15 - -5) - -46?
30
Evaluate (-8 - -5) + (-39 - 0) + -176 + 178.
-40
Calculate 1 - -27 - (-21 + (64 - 54)).
39
What is the value of (51 - -68) + -208 - (-9 - -1)?
-81
Evaluate 3502 - 3440 - (-3 + 89).
-24
What is -1 + 5 + 57 + -46 + (-4 - -9) + 27?
47
Calculate 13 - (-25 + (10 - 3)) - (-2 - 12).
45
Evaluate (9 - (74 + -32 - 7)) + 4.
-22
What is the value of 61 + -50 + 53 + -65?
-1
What is the value of 8 + -13 + -12 + 49 + 53?
85
((-1 - 0) + 11 - (-357 - -362)) + -1 + -12
-8
Calculate 93 + -96 - -76 - 47.
26
Calculat